{"id":129,"date":"2020-02-14T10:59:11","date_gmt":"2020-02-14T10:59:11","guid":{"rendered":"https:\/\/demosites.io\/fitness-gb\/?page_id=129"},"modified":"2023-11-30T12:36:48","modified_gmt":"2023-11-30T12:36:48","slug":"a5213-home","status":"publish","type":"page","link":"https:\/\/centre-occident.com\/","title":{"rendered":"Accueil"},"content":{"rendered":"\r\n<div id=\"wp-block-themeisle-blocks-advanced-columns-e1ca32e1\" class=\"wp-block-themeisle-blocks-advanced-columns alignfull has-1-columns has-desktop-equal-layout has-tablet-equal-layout has-mobile-equal-layout has-default-gap has-vertical-unset\">\r\n<div class=\"wp-block-themeisle-blocks-advanced-columns-overlay\">\u00a0<\/div>\r\n<div class=\"innerblocks-wrap\">\r\n<div id=\"wp-block-themeisle-blocks-advanced-column-65b5ef21\" class=\"wp-block-themeisle-blocks-advanced-column\">\r\n<h2 id=\"wp-block-themeisle-blocks-advanced-heading-bb0c2df7\" class=\"wp-block-themeisle-blocks-advanced-heading wp-block-themeisle-blocks-advanced-heading-bb0c2df7\" style=\"text-align: center;\">Centre de Soin Medicaux Dentaire Occident<\/h2>\r\n\r\n\r\n\r\n<p class=\"has-text-align-center has-white-color has-text-color\" style=\"text-align: left;\">Notre Centre de Soins est ouvert du lundi au Samedi de 9h00 \u00e0 19h30.<\/p>\r\n\r\n\r\n\r\n<div class=\"wp-block-buttons is-content-justification-center is-layout-flex wp-block-buttons-is-layout-flex\">\r\n<div class=\"wp-block-button is-style-secondary\"><a class=\"wp-block-button__link\" href=\"https:\/\/www.doctolib.fr\/centre-de-sante\/torcy\/centre-d-ophtalmologie-et-dentaire-occident\">Prendre Rendez-vous<\/a><\/div>\r\n<\/div>\r\n<\/div>\r\n<\/div>\r\n<\/div>\r\n\r\n\r\n\r\n<div>Notre \u00e9quipe est compos\u00e9 de M\u00e9decins G\u00e9n\u00e9ralistes, de P\u00e9diatres, d&rsquo;Ophtalmologues, Dentistes, Orthodontistes et Implantologues.<\/div>\r\n<section id=\"wp-block-themeisle-blocks-advanced-columns-e7931e5c\" class=\"wp-block-themeisle-blocks-advanced-columns alignfull has-2-columns has-desktop-equal-layout has-tablet-equal-layout has-mobile-collapsedRows-layout has-nogap-gap has-vertical-center\">\r\n<div class=\"innerblocks-wrap\">\r\n<div id=\"wp-block-themeisle-blocks-advanced-column-311d4b3f\" class=\"wp-block-themeisle-blocks-advanced-column\">\r\n<h4 id=\"wp-block-themeisle-blocks-advanced-heading-9544202b\" class=\"wp-block-themeisle-blocks-advanced-heading wp-block-themeisle-blocks-advanced-heading-9544202b\">Votre Centre est situ\u00e9 au 20 rue Pierre Mend\u00e8s France, 77200 Torcy<\/h4>\r\n<p>Nous sommes \u00e0 100 m de la gare RER A de Torcy, \u00e0 c\u00f4t\u00e9 de la sous pr\u00e9fecture de Torcy.<\/p>\r\n<\/div>\r\n<div id=\"wp-block-themeisle-blocks-advanced-column-49224624\" class=\"wp-block-themeisle-blocks-advanced-column\">\r\n<figure class=\"wp-block-image size-large\"><img loading=\"lazy\" decoding=\"async\" class=\"alignnone wp-image-308 size-medium\" src=\"https:\/\/centre-occident.com\/wp-content\/uploads\/2023\/11\/centre2-300x234.png\" alt=\"\" width=\"300\" height=\"234\" srcset=\"https:\/\/centre-occident.com\/wp-content\/uploads\/2023\/11\/centre2-300x234.png 300w, https:\/\/centre-occident.com\/wp-content\/uploads\/2023\/11\/centre2.png 711w\" sizes=\"auto, (max-width: 300px) 100vw, 300px\" \/><\/figure>\r\n<\/div>\r\n<\/div>\r\n<\/section>\r\n\r\n\r\n","protected":false},"excerpt":{"rendered":"","protected":false},"author":1,"featured_media":317,"parent":0,"menu_order":0,"comment_status":"closed","ping_status":"closed","template":"page-templates\/template-pagebuilder-full-width.php","meta":{"neve_meta_sidebar":"full-width","neve_meta_container":"","neve_meta_enable_content_width":"on","neve_meta_content_width":100,"neve_meta_title_alignment":"","neve_meta_author_avatar":"","neve_post_elements_order":"","neve_meta_disable_header":"","neve_meta_disable_footer":"","neve_meta_disable_title":"","_themeisle_gutenberg_block_has_review":false,"footnotes":""},"class_list":["post-129","page","type-page","status-publish","has-post-thumbnail","hentry"],"yoast_head":"<!-- This site is optimized with the Yoast SEO plugin v27.4 - https:\/\/yoast.com\/product\/yoast-seo-wordpress\/ -->\n<title>Accueil - Groupe Medical Occident<\/title>\n<meta name=\"robots\" content=\"noindex, follow, max-snippet:-1, max-image-preview:large, max-video-preview:-1\" \/>\n<meta property=\"og:locale\" content=\"fr_FR\" \/>\n<meta property=\"og:type\" content=\"article\" \/>\n<meta property=\"og:title\" content=\"Accueil - Groupe Medical Occident\" \/>\n<meta property=\"og:url\" content=\"https:\/\/centre-occident.com\/\" \/>\n<meta property=\"og:site_name\" content=\"Groupe Medical Occident\" \/>\n<meta property=\"article:modified_time\" content=\"2023-11-30T12:36:48+00:00\" \/>\n<meta property=\"og:image\" content=\"https:\/\/centre-occident.com\/wp-content\/uploads\/2019\/07\/neve-gym-demo-31.jpg\" \/>\n<meta name=\"twitter:card\" content=\"summary_large_image\" \/>\n<meta name=\"twitter:label1\" content=\"Dur\u00e9e de lecture estim\u00e9e\" \/>\n\t<meta name=\"twitter:data1\" content=\"1 minute\" \/>\n<script type=\"application\/ld+json\" class=\"yoast-schema-graph\">{\"@context\":\"https:\\\/\\\/schema.org\",\"@graph\":[{\"@type\":\"WebPage\",\"@id\":\"https:\\\/\\\/centre-occident.com\\\/\",\"url\":\"https:\\\/\\\/centre-occident.com\\\/\",\"name\":\"Accueil - Groupe Medical Occident\",\"isPartOf\":{\"@id\":\"https:\\\/\\\/centre-occident.com\\\/#website\"},\"primaryImageOfPage\":{\"@id\":\"https:\\\/\\\/centre-occident.com\\\/#primaryimage\"},\"image\":{\"@id\":\"https:\\\/\\\/centre-occident.com\\\/#primaryimage\"},\"thumbnailUrl\":\"https:\\\/\\\/centre-occident.com\\\/wp-content\\\/uploads\\\/2023\\\/11\\\/1604.m00.i125.n014.S.c12.400488715-Medical-team.-Hospital-staff-vector-illustration-scaled.jpg\",\"datePublished\":\"2020-02-14T10:59:11+00:00\",\"dateModified\":\"2023-11-30T12:36:48+00:00\",\"breadcrumb\":{\"@id\":\"https:\\\/\\\/centre-occident.com\\\/#breadcrumb\"},\"inLanguage\":\"fr-FR\",\"potentialAction\":[{\"@type\":\"ReadAction\",\"target\":[\"https:\\\/\\\/centre-occident.com\\\/\"]}]},{\"@type\":\"ImageObject\",\"inLanguage\":\"fr-FR\",\"@id\":\"https:\\\/\\\/centre-occident.com\\\/#primaryimage\",\"url\":\"https:\\\/\\\/centre-occident.com\\\/wp-content\\\/uploads\\\/2023\\\/11\\\/1604.m00.i125.n014.S.c12.400488715-Medical-team.-Hospital-staff-vector-illustration-scaled.jpg\",\"contentUrl\":\"https:\\\/\\\/centre-occident.com\\\/wp-content\\\/uploads\\\/2023\\\/11\\\/1604.m00.i125.n014.S.c12.400488715-Medical-team.-Hospital-staff-vector-illustration-scaled.jpg\",\"width\":2560,\"height\":1707,\"caption\":\"Medical good team. Hospital staff doctors and nurse. Vector illustration\"},{\"@type\":\"BreadcrumbList\",\"@id\":\"https:\\\/\\\/centre-occident.com\\\/#breadcrumb\",\"itemListElement\":[{\"@type\":\"ListItem\",\"position\":1,\"name\":\"Accueil\",\"item\":\"https:\\\/\\\/centre-occident.com\\\/\"},{\"@type\":\"ListItem\",\"position\":2,\"name\":\"Accueil\"}]},{\"@type\":\"WebSite\",\"@id\":\"https:\\\/\\\/centre-occident.com\\\/#website\",\"url\":\"https:\\\/\\\/centre-occident.com\\\/\",\"name\":\"Groupe Medical Occident\",\"description\":\"Just another WordPress site\",\"publisher\":{\"@id\":\"https:\\\/\\\/centre-occident.com\\\/#organization\"},\"potentialAction\":[{\"@type\":\"SearchAction\",\"target\":{\"@type\":\"EntryPoint\",\"urlTemplate\":\"https:\\\/\\\/centre-occident.com\\\/?s={search_term_string}\"},\"query-input\":{\"@type\":\"PropertyValueSpecification\",\"valueRequired\":true,\"valueName\":\"search_term_string\"}}],\"inLanguage\":\"fr-FR\"},{\"@type\":\"Organization\",\"@id\":\"https:\\\/\\\/centre-occident.com\\\/#organization\",\"name\":\"Groupe Medical Occident\",\"url\":\"https:\\\/\\\/centre-occident.com\\\/\",\"logo\":{\"@type\":\"ImageObject\",\"inLanguage\":\"fr-FR\",\"@id\":\"https:\\\/\\\/centre-occident.com\\\/#\\\/schema\\\/logo\\\/image\\\/\",\"url\":\"https:\\\/\\\/centre-occident.com\\\/wp-content\\\/uploads\\\/2020\\\/11\\\/gym-logo.png\",\"contentUrl\":\"https:\\\/\\\/centre-occident.com\\\/wp-content\\\/uploads\\\/2020\\\/11\\\/gym-logo.png\",\"width\":200,\"height\":112,\"caption\":\"Groupe Medical Occident\"},\"image\":{\"@id\":\"https:\\\/\\\/centre-occident.com\\\/#\\\/schema\\\/logo\\\/image\\\/\"}}]}<\/script>\n<!-- \/ Yoast SEO plugin. -->","yoast_head_json":{"title":"Accueil - Groupe Medical Occident","robots":{"index":"noindex","follow":"follow","max-snippet":"max-snippet:-1","max-image-preview":"max-image-preview:large","max-video-preview":"max-video-preview:-1"},"og_locale":"fr_FR","og_type":"article","og_title":"Accueil - Groupe Medical Occident","og_url":"https:\/\/centre-occident.com\/","og_site_name":"Groupe Medical Occident","article_modified_time":"2023-11-30T12:36:48+00:00","og_image":[{"url":"https:\/\/centre-occident.com\/wp-content\/uploads\/2019\/07\/neve-gym-demo-31.jpg","type":"","width":"","height":""}],"twitter_card":"summary_large_image","twitter_misc":{"Dur\u00e9e de lecture estim\u00e9e":"1 minute"},"schema":{"@context":"https:\/\/schema.org","@graph":[{"@type":"WebPage","@id":"https:\/\/centre-occident.com\/","url":"https:\/\/centre-occident.com\/","name":"Accueil - Groupe Medical Occident","isPartOf":{"@id":"https:\/\/centre-occident.com\/#website"},"primaryImageOfPage":{"@id":"https:\/\/centre-occident.com\/#primaryimage"},"image":{"@id":"https:\/\/centre-occident.com\/#primaryimage"},"thumbnailUrl":"https:\/\/centre-occident.com\/wp-content\/uploads\/2023\/11\/1604.m00.i125.n014.S.c12.400488715-Medical-team.-Hospital-staff-vector-illustration-scaled.jpg","datePublished":"2020-02-14T10:59:11+00:00","dateModified":"2023-11-30T12:36:48+00:00","breadcrumb":{"@id":"https:\/\/centre-occident.com\/#breadcrumb"},"inLanguage":"fr-FR","potentialAction":[{"@type":"ReadAction","target":["https:\/\/centre-occident.com\/"]}]},{"@type":"ImageObject","inLanguage":"fr-FR","@id":"https:\/\/centre-occident.com\/#primaryimage","url":"https:\/\/centre-occident.com\/wp-content\/uploads\/2023\/11\/1604.m00.i125.n014.S.c12.400488715-Medical-team.-Hospital-staff-vector-illustration-scaled.jpg","contentUrl":"https:\/\/centre-occident.com\/wp-content\/uploads\/2023\/11\/1604.m00.i125.n014.S.c12.400488715-Medical-team.-Hospital-staff-vector-illustration-scaled.jpg","width":2560,"height":1707,"caption":"Medical good team. Hospital staff doctors and nurse. Vector illustration"},{"@type":"BreadcrumbList","@id":"https:\/\/centre-occident.com\/#breadcrumb","itemListElement":[{"@type":"ListItem","position":1,"name":"Accueil","item":"https:\/\/centre-occident.com\/"},{"@type":"ListItem","position":2,"name":"Accueil"}]},{"@type":"WebSite","@id":"https:\/\/centre-occident.com\/#website","url":"https:\/\/centre-occident.com\/","name":"Groupe Medical Occident","description":"Just another WordPress site","publisher":{"@id":"https:\/\/centre-occident.com\/#organization"},"potentialAction":[{"@type":"SearchAction","target":{"@type":"EntryPoint","urlTemplate":"https:\/\/centre-occident.com\/?s={search_term_string}"},"query-input":{"@type":"PropertyValueSpecification","valueRequired":true,"valueName":"search_term_string"}}],"inLanguage":"fr-FR"},{"@type":"Organization","@id":"https:\/\/centre-occident.com\/#organization","name":"Groupe Medical Occident","url":"https:\/\/centre-occident.com\/","logo":{"@type":"ImageObject","inLanguage":"fr-FR","@id":"https:\/\/centre-occident.com\/#\/schema\/logo\/image\/","url":"https:\/\/centre-occident.com\/wp-content\/uploads\/2020\/11\/gym-logo.png","contentUrl":"https:\/\/centre-occident.com\/wp-content\/uploads\/2020\/11\/gym-logo.png","width":200,"height":112,"caption":"Groupe Medical Occident"},"image":{"@id":"https:\/\/centre-occident.com\/#\/schema\/logo\/image\/"}}]}},"_links":{"self":[{"href":"https:\/\/centre-occident.com\/index.php?rest_route=\/wp\/v2\/pages\/129","targetHints":{"allow":["GET"]}}],"collection":[{"href":"https:\/\/centre-occident.com\/index.php?rest_route=\/wp\/v2\/pages"}],"about":[{"href":"https:\/\/centre-occident.com\/index.php?rest_route=\/wp\/v2\/types\/page"}],"author":[{"embeddable":true,"href":"https:\/\/centre-occident.com\/index.php?rest_route=\/wp\/v2\/users\/1"}],"replies":[{"embeddable":true,"href":"https:\/\/centre-occident.com\/index.php?rest_route=%2Fwp%2Fv2%2Fcomments&post=129"}],"version-history":[{"count":17,"href":"https:\/\/centre-occident.com\/index.php?rest_route=\/wp\/v2\/pages\/129\/revisions"}],"predecessor-version":[{"id":304,"href":"https:\/\/centre-occident.com\/index.php?rest_route=\/wp\/v2\/pages\/129\/revisions\/304"}],"wp:featuredmedia":[{"embeddable":true,"href":"https:\/\/centre-occident.com\/index.php?rest_route=\/wp\/v2\/media\/317"}],"wp:attachment":[{"href":"https:\/\/centre-occident.com\/index.php?rest_route=%2Fwp%2Fv2%2Fmedia&parent=129"}],"curies":[{"name":"wp","href":"https:\/\/api.w.org\/{rel}","templated":true}]}}